{"id":18,"date":"2022-04-25T07:28:51","date_gmt":"2022-04-25T07:28:51","guid":{"rendered":"https:\/\/luctor-et-emergo.de\/?page_id=18"},"modified":"2022-05-18T13:06:38","modified_gmt":"2022-05-18T13:06:38","slug":"tai-chi","status":"publish","type":"page","link":"https:\/\/luctor-et-emergo.de\/?page_id=18","title":{"rendered":"Tai Chi"},"content":{"rendered":"\n<h2 class=\"wp-block-heading\">Tai Chi<\/h2>\n\n\n\n<p>Der Begriff Tai Chi bedeutet w\u00f6rtlich etwa das &#8222;\u00e4u\u00dferste Letzte&#8220; und bezieht sich eigentlich nicht auf eine \u00dcbungsform, sondern auf ein universelles Prinzip, welches allgegenw\u00e4rtig ist. Man kann es lediglich lernen immer besser zu verstehen und ihm so <em>bewusst<\/em> zu folgen.<\/p>\n\n\n\n<p>Wenn wir davon sprechen, Tai Chi zu \u00fcben, meinen wir meist das Tai Chi Chuan, eine \u00dcbungspraxis, deren Bewegungen sowohl meditativ als auch gesundheitsf\u00f6rdernd sind, gleicherma\u00dfen aber eine Kampfkunst darstellen.<\/p>\n\n\n\n<p>Das Tai Chi Chuan wird zun\u00e4chst als sogenannte <em>Form<\/em> erlernt, einer Folge ruhiger, flie\u00dfender Bewegungen. Der Anblick von \u00dcbenden, die die Form durchlaufen ist wohl das, was man als Laie am ehesten mit Tai Chi in Verbindung bringt. Es existieren jedoch f\u00fcr Fortgeschrittene auch freiere Arten, Tai Chi Chuan zu \u00fcben, z.B. das <em>Push Hands<\/em>.<\/p>\n\n\n\n<p>Allem im Tai Chi Chuan ist gemein, dass es sich niemals um eine gymnastische \u00dcbung handelt, niemals um <em>Beherrschung<\/em> einer Bewegung, sondern darum, die <em>Natur<\/em> der eigenen und aller Bewegung wieder verstehen zu lernen, sei diese Bewegung nun k\u00f6rperlicher, geistiger oder seelischer Art. Wo Au\u00dfenstehende meinen, das Streben nach Perfektion zu sehen, geht es in Wahrheit um Hingabe und Liebe selbst zum kleinsten Detail.<\/p>\n","protected":false},"excerpt":{"rendered":"<p>Tai Chi Der Begriff Tai Chi bedeutet w\u00f6rtlich etwa das &#8222;\u00e4u\u00dferste Letzte&#8220; und bezieht sich eigentlich nicht auf eine \u00dcbungsform, sondern auf ein universelles Prinzip, welches allgegenw\u00e4rtig ist. Man kann es lediglich lernen immer besser zu verstehen und ihm so bewusst zu folgen. Wenn wir davon sprechen, Tai Chi zu \u00fcben, meinen wir meist das [&hellip;]<\/p>\n","protected":false},"author":1,"featured_media":0,"parent":0,"menu_order":0,"comment_status":"closed","ping_status":"closed","template":"","meta":{"footnotes":""},"class_list":["post-18","page","type-page","status-publish","hentry"],"_links":{"self":[{"href":"https:\/\/luctor-et-emergo.de\/index.php?rest_route=\/wp\/v2\/pages\/18","targetHints":{"allow":["GET"]}}],"collection":[{"href":"https:\/\/luctor-et-emergo.de\/index.php?rest_route=\/wp\/v2\/pages"}],"about":[{"href":"https:\/\/luctor-et-emergo.de\/index.php?rest_route=\/wp\/v2\/types\/page"}],"author":[{"embeddable":true,"href":"https:\/\/luctor-et-emergo.de\/index.php?rest_route=\/wp\/v2\/users\/1"}],"replies":[{"embeddable":true,"href":"https:\/\/luctor-et-emergo.de\/index.php?rest_route=%2Fwp%2Fv2%2Fcomments&post=18"}],"version-history":[{"count":10,"href":"https:\/\/luctor-et-emergo.de\/index.php?rest_route=\/wp\/v2\/pages\/18\/revisions"}],"predecessor-version":[{"id":128,"href":"https:\/\/luctor-et-emergo.de\/index.php?rest_route=\/wp\/v2\/pages\/18\/revisions\/128"}],"wp:attachment":[{"href":"https:\/\/luctor-et-emergo.de\/index.php?rest_route=%2Fwp%2Fv2%2Fmedia&parent=18"}],"curies":[{"name":"wp","href":"https:\/\/api.w.org\/{rel}","templated":true}]}}